{"id":16,"date":"2010-03-17T16:55:12","date_gmt":"2010-03-17T16:55:12","guid":{"rendered":"http:\/\/sensitives.fr\/?page_id=16"},"modified":"2016-11-18T10:49:58","modified_gmt":"2016-11-18T10:49:58","slug":"nous-contacter","status":"publish","type":"page","link":"https:\/\/www.sensitives.fr\/?page_id=16","title":{"rendered":"Contact"},"content":{"rendered":"<p style=\"text-align: left;\"><strong><span style=\"font-family: book antiqua,palatino,serif; font-size: 16px;\">Vous souhaitez avoir de plus amples informations<\/span><\/strong><\/p>\n<p style=\"text-align: left;\"><strong><span style=\"font-family: book antiqua,palatino,serif; font-size: 16px;\">Compl\u00e9tez le formulaire ci-joint, il nous parviendra imm\u00e9diatement, ou envoyez-nous un mail \u00e0 l&#8217;adresse suivante : terresdesienne@orange.fr<\/span><\/strong><\/p>\n<p style=\"text-align: left;\"><strong><span style=\"font-family: book antiqua,palatino,serif; font-size: 16px;\">Par t\u00e9l\u00e9phone au +33 5 53 50 47 83 ou 06 81 09 59 38 ou 06 11 88 32 84<\/span><\/strong><\/p>\n<p><strong><br \/>\n<\/strong><\/p>\n<div role=\"form\" class=\"wpcf7\" id=\"wpcf7-f1056-o1\" lang=\"en-US\" dir=\"ltr\">\n<div class=\"screen-reader-response\"><\/div>\n<form action=\"\/index.php?rest_route=%2Fwp%2Fv2%2Fpages%2F16#wpcf7-f1056-o1\" method=\"post\" class=\"wpcf7-form\" novalidate=\"novalidate\">\n<div style=\"display: none;\">\n<input type=\"hidden\" name=\"_wpcf7\" value=\"1056\" \/>\n<input type=\"hidden\" name=\"_wpcf7_version\" value=\"5.1.6\" \/>\n<input type=\"hidden\" name=\"_wpcf7_locale\" value=\"en_US\" \/>\n<input type=\"hidden\" name=\"_wpcf7_unit_tag\" value=\"wpcf7-f1056-o1\" \/>\n<input type=\"hidden\" name=\"_wpcf7_container_post\" value=\"0\" \/>\n<\/div>\n<p>Votre Nom (obligatoire)<br \/>\n    <span class=\"wpcf7-form-control-wrap your-name\"><input type=\"text\" name=\"your-name\" value=\"\" size=\"40\" class=\"wpcf7-form-control wpcf7-text wpcf7-validates-as-required\" aria-required=\"true\" aria-invalid=\"false\" \/><\/span> <\/p>\n<p>Votre Email (obligatoire)<br \/>\n    <span class=\"wpcf7-form-control-wrap your-email\"><input type=\"email\" name=\"your-email\" value=\"\" size=\"40\" class=\"wpcf7-form-control wpcf7-text wpcf7-email wpcf7-validates-as-required wpcf7-validates-as-email\" aria-required=\"true\" aria-invalid=\"false\" \/><\/span> <\/p>\n<p>Sujet<br \/>\n    <span class=\"wpcf7-form-control-wrap your-subject\"><input type=\"text\" name=\"your-subject\" value=\"\" size=\"40\" class=\"wpcf7-form-control wpcf7-text\" aria-invalid=\"false\" \/><\/span> <\/p>\n<p>Votre Message<br \/>\n    <span class=\"wpcf7-form-control-wrap your-message\"><textarea name=\"your-message\" cols=\"40\" rows=\"10\" class=\"wpcf7-form-control wpcf7-textarea\" aria-invalid=\"false\"><\/textarea><\/span> <\/p>\n<p><input type=\"submit\" value=\"Envoyer\" class=\"wpcf7-form-control wpcf7-submit\" \/><\/p>\n<div class=\"wpcf7-response-output wpcf7-display-none\"><\/div><\/form><\/div>\n","protected":false},"excerpt":{"rendered":"<p>Vous souhaitez avoir de plus amples informations Compl\u00e9tez le formulaire ci-joint, il nous parviendra imm\u00e9diatement, ou envoyez-nous un mail \u00e0 l&#8217;adresse suivante : terresdesienne@orange.fr Par t\u00e9l\u00e9phone au +33 5 53 50 47 83 ou 06 81 09 59 38 ou 06 11 88 32 84<\/p>\n","protected":false},"author":1,"featured_media":0,"parent":0,"menu_order":4,"comment_status":"open","ping_status":"closed","template":"","meta":[],"_links":{"self":[{"href":"https:\/\/www.sensitives.fr\/index.php?rest_route=\/wp\/v2\/pages\/16"}],"collection":[{"href":"https:\/\/www.sensitives.fr\/index.php?rest_route=\/wp\/v2\/pages"}],"about":[{"href":"https:\/\/www.sensitives.fr\/index.php?rest_route=\/wp\/v2\/types\/page"}],"author":[{"embeddable":true,"href":"https:\/\/www.sensitives.fr\/index.php?rest_route=\/wp\/v2\/users\/1"}],"replies":[{"embeddable":true,"href":"https:\/\/www.sensitives.fr\/index.php?rest_route=%2Fwp%2Fv2%2Fcomments&post=16"}],"version-history":[{"count":17,"href":"https:\/\/www.sensitives.fr\/index.php?rest_route=\/wp\/v2\/pages\/16\/revisions"}],"predecessor-version":[{"id":2035,"href":"https:\/\/www.sensitives.fr\/index.php?rest_route=\/wp\/v2\/pages\/16\/revisions\/2035"}],"wp:attachment":[{"href":"https:\/\/www.sensitives.fr\/index.php?rest_route=%2Fwp%2Fv2%2Fmedia&parent=16"}],"curies":[{"name":"wp","href":"https:\/\/api.w.org\/{rel}","templated":true}]}}