{"id":1501,"date":"2016-09-09T14:22:09","date_gmt":"2016-09-09T14:22:09","guid":{"rendered":"http:\/\/www.sensitives.fr\/?page_id=1501"},"modified":"2016-12-11T13:46:41","modified_gmt":"2016-12-11T13:46:41","slug":"cabanes","status":"publish","type":"page","link":"https:\/\/www.sensitives.fr\/?page_id=1501","title":{"rendered":"Les cabanes"},"content":{"rendered":"<p><a href=\"http:\/\/www.sensitives.fr\/wp-content\/uploads\/2015\/05\/P1040729.jpg\"><img decoding=\"async\" loading=\"lazy\" class=\"alignleft wp-image-973 size-medium\" src=\"http:\/\/www.sensitives.fr\/wp-content\/uploads\/2015\/05\/P1040729-300x169.jpg\" alt=\"Les cabanes des Sensitives\" width=\"300\" height=\"169\" srcset=\"https:\/\/www.sensitives.fr\/wp-content\/uploads\/2015\/05\/P1040729-300x169.jpg 300w, https:\/\/www.sensitives.fr\/wp-content\/uploads\/2015\/05\/P1040729-1024x576.jpg 1024w\" sizes=\"(max-width: 300px) 100vw, 300px\" \/><\/a><a href=\"http:\/\/www.sensitives.fr\/wp-content\/uploads\/2016\/09\/P1040728.jpg\"><img decoding=\"async\" loading=\"lazy\" class=\"alignleft size-medium wp-image-1548\" src=\"http:\/\/www.sensitives.fr\/wp-content\/uploads\/2016\/09\/P1040728-300x169.jpg\" alt=\"p1040728\" width=\"300\" height=\"169\" srcset=\"https:\/\/www.sensitives.fr\/wp-content\/uploads\/2016\/09\/P1040728-300x169.jpg 300w, https:\/\/www.sensitives.fr\/wp-content\/uploads\/2016\/09\/P1040728-768x432.jpg 768w, https:\/\/www.sensitives.fr\/wp-content\/uploads\/2016\/09\/P1040728-1024x576.jpg 1024w\" sizes=\"(max-width: 300px) 100vw, 300px\" \/><\/a><a href=\"http:\/\/www.sensitives.fr\/wp-content\/uploads\/2016\/09\/P1060167.jpg\"><img decoding=\"async\" loading=\"lazy\" class=\"alignleft size-medium wp-image-1549\" src=\"http:\/\/www.sensitives.fr\/wp-content\/uploads\/2016\/09\/P1060167-300x169.jpg\" alt=\"p1060167\" width=\"300\" height=\"169\" srcset=\"https:\/\/www.sensitives.fr\/wp-content\/uploads\/2016\/09\/P1060167-300x169.jpg 300w, https:\/\/www.sensitives.fr\/wp-content\/uploads\/2016\/09\/P1060167-768x432.jpg 768w, https:\/\/www.sensitives.fr\/wp-content\/uploads\/2016\/09\/P1060167-1024x576.jpg 1024w\" sizes=\"(max-width: 300px) 100vw, 300px\" \/><\/a><a href=\"http:\/\/www.sensitives.fr\/wp-content\/uploads\/2016\/09\/P1060158.jpg\"><img decoding=\"async\" loading=\"lazy\" class=\"size-medium wp-image-1547 alignleft\" src=\"http:\/\/www.sensitives.fr\/wp-content\/uploads\/2016\/09\/P1060158-300x169.jpg\" alt=\"p1060158\" width=\"300\" height=\"169\" srcset=\"https:\/\/www.sensitives.fr\/wp-content\/uploads\/2016\/09\/P1060158-300x169.jpg 300w, https:\/\/www.sensitives.fr\/wp-content\/uploads\/2016\/09\/P1060158-768x432.jpg 768w, https:\/\/www.sensitives.fr\/wp-content\/uploads\/2016\/09\/P1060158-1024x576.jpg 1024w\" sizes=\"(max-width: 300px) 100vw, 300px\" \/><\/a><\/p>\n<h5><\/h5>\n<h5><\/h5>\n<h5><\/h5>\n<h5><\/h5>\n<h5><\/h5>\n<h5><\/h5>\n<h5><\/h5>\n<h5><\/h5>\n<p style=\"text-align: left;\"><span style=\"font-family: book antiqua,palatino,serif; font-size: 16px;\">Choisir une cabane dans le bois des &#8220;Sensitives&#8221;, c&#8217;est choisir la nouveaut\u00e9, la diff\u00e9rence, la simplicit\u00e9.<\/span><\/p>\n<p style=\"text-align: left;\"><span style=\"font-family: book antiqua,palatino,serif; font-size: 16px;\">C&#8217;est accepter de vivre un temps de vacances en ayant moins et en partageant plus.<\/span><\/p>\n<p style=\"text-align: left;\"><span style=\"font-family: book antiqua,palatino,serif; font-size: 16px;\">Ces 3 cabanes confortables toutes en bois dont 1 perch\u00e9e, accueillent chacune 2 personnes<br \/>\n<\/span><\/p>\n<p style=\"text-align: left;\"><span style=\"font-family: book antiqua,palatino,serif; font-size: 16px;\">et l&#8217;une d&#8217;elle un couple et 2 enfants (lits superpos\u00e9s).<\/span><\/p>\n<p style=\"text-align: left;\"><span style=\"font-family: book antiqua,palatino,serif; font-size: 16px;\">Elles partagent \u00e0 10 m, une salle de bain au naturel, une cuisine et deux toilettes s\u00e8ches <\/span><\/p>\n<p style=\"text-align: left;\"><span style=\"font-family: book antiqua,palatino,serif; font-size: 16px;\">ainsi qu&#8217;un coin repas sous les arbres.<\/span><\/p>\n<p style=\"text-align: left;\"><span style=\"font-family: book antiqua,palatino,serif; font-size: 16px;\">Elles sont chauff\u00e9es en hiver, ont l&#8217;\u00e9lectricit\u00e9 et l&#8217;eau chaude. Elles ont chacune une petite terrasse et 1 ou 2 hamacs pour la sieste. Draps et linge de maison ainsi que produits \u00e9cologiques pour les parties communes sont fournis.<\/span><\/p>\n<p style=\"text-align: left;\"><span style=\"font-family: book antiqua,palatino,serif; font-size: 16px;\">l&#8217;acc\u00e8s \u00e0 l&#8217;espace sauna-massage est possible sur RV (voir tarifs \u00e0 la rubrique Bien-\u00catre).<\/span><\/p>\n<p style=\"text-align: left;\"><span style=\"font-family: book antiqua,palatino,serif; font-size: 16px;\">N&#8217;oubliez pas vos baskets: le parking est \u00e0 100 m !<\/span><\/p>\n<p>&nbsp;<\/p>\n<p><strong><a href=\"http:\/\/www.sensitives.fr\/wp-content\/uploads\/2015\/05\/P1040816.jpg\"><img decoding=\"async\" loading=\"lazy\" class=\"wp-image-977 alignleft\" src=\"http:\/\/www.sensitives.fr\/wp-content\/uploads\/2015\/05\/P1040816-300x169.jpg\" alt=\"P1040816\" width=\"259\" height=\"146\" srcset=\"https:\/\/www.sensitives.fr\/wp-content\/uploads\/2015\/05\/P1040816-300x169.jpg 300w, https:\/\/www.sensitives.fr\/wp-content\/uploads\/2015\/05\/P1040816-1024x576.jpg 1024w\" sizes=\"(max-width: 259px) 100vw, 259px\" \/><\/a><a href=\"http:\/\/www.sensitives.fr\/wp-content\/uploads\/2015\/05\/P1040760.jpg\"><img decoding=\"async\" loading=\"lazy\" class=\"wp-image-980 alignleft\" src=\"http:\/\/www.sensitives.fr\/wp-content\/uploads\/2015\/05\/P1040760-300x169.jpg\" alt=\"P1040760\" width=\"259\" height=\"146\" srcset=\"https:\/\/www.sensitives.fr\/wp-content\/uploads\/2015\/05\/P1040760-300x169.jpg 300w, https:\/\/www.sensitives.fr\/wp-content\/uploads\/2015\/05\/P1040760-1024x576.jpg 1024w\" sizes=\"(max-width: 259px) 100vw, 259px\" \/><\/a><a href=\"http:\/\/www.sensitives.fr\/wp-content\/uploads\/2016\/05\/P1060080.jpg\"><img decoding=\"async\" loading=\"lazy\" class=\"wp-image-1427 alignleft\" src=\"http:\/\/www.sensitives.fr\/wp-content\/uploads\/2016\/05\/P1060080-300x169.jpg\" alt=\"P1060080\" width=\"259\" height=\"146\" srcset=\"https:\/\/www.sensitives.fr\/wp-content\/uploads\/2016\/05\/P1060080-300x169.jpg 300w, https:\/\/www.sensitives.fr\/wp-content\/uploads\/2016\/05\/P1060080-1024x576.jpg 1024w\" sizes=\"(max-width: 259px) 100vw, 259px\" \/><\/a><\/strong><\/p>\n<h4 style=\"text-align: center;\"><\/h4>\n<p style=\"text-align: center;\"><span style=\"text-decoration: underline;\"><strong><span style=\"color: #993300; text-decoration: underline;\"><br \/>\n<\/span><\/strong><\/span><\/p>\n<h5 style=\"text-align: center;\"><\/h5>\n<h5><\/h5>\n<h5 style=\"text-align: center;\"><\/h5>\n<h5 style=\"text-align: center;\"><\/h5>\n<h5 style=\"text-align: right;\"><\/h5>\n<h5 style=\"text-align: right;\"><\/h5>\n<p><a href=\"http:\/\/www.sensitives.fr\/wp-content\/uploads\/2016\/09\/P1060160.jpg\"><img decoding=\"async\" loading=\"lazy\" class=\"size-medium wp-image-1546 alignleft\" src=\"http:\/\/www.sensitives.fr\/wp-content\/uploads\/2016\/09\/P1060160-169x300.jpg\" alt=\"p1060160\" width=\"169\" height=\"300\" srcset=\"https:\/\/www.sensitives.fr\/wp-content\/uploads\/2016\/09\/P1060160-169x300.jpg 169w, https:\/\/www.sensitives.fr\/wp-content\/uploads\/2016\/09\/P1060160-768x1364.jpg 768w, https:\/\/www.sensitives.fr\/wp-content\/uploads\/2016\/09\/P1060160-576x1024.jpg 576w\" sizes=\"(max-width: 169px) 100vw, 169px\" \/><\/a><a href=\"http:\/\/www.sensitives.fr\/wp-content\/uploads\/2016\/05\/P1060076.jpg\"><img decoding=\"async\" loading=\"lazy\" class=\" wp-image-1428 alignleft\" src=\"http:\/\/www.sensitives.fr\/wp-content\/uploads\/2016\/05\/P1060076-300x169.jpg\" alt=\"P1060076\" width=\"472\" height=\"266\" srcset=\"https:\/\/www.sensitives.fr\/wp-content\/uploads\/2016\/05\/P1060076-300x169.jpg 300w, https:\/\/www.sensitives.fr\/wp-content\/uploads\/2016\/05\/P1060076-1024x576.jpg 1024w\" sizes=\"(max-width: 472px) 100vw, 472px\" \/><\/a><a href=\"http:\/\/www.sensitives.fr\/wp-content\/uploads\/2016\/09\/P1060159.jpg\"><img decoding=\"async\" loading=\"lazy\" class=\"alignleft size-medium wp-image-1543\" src=\"http:\/\/www.sensitives.fr\/wp-content\/uploads\/2016\/09\/P1060159-169x300.jpg\" alt=\"p1060159\" width=\"169\" height=\"300\" srcset=\"https:\/\/www.sensitives.fr\/wp-content\/uploads\/2016\/09\/P1060159-169x300.jpg 169w, https:\/\/www.sensitives.fr\/wp-content\/uploads\/2016\/09\/P1060159-768x1364.jpg 768w, https:\/\/www.sensitives.fr\/wp-content\/uploads\/2016\/09\/P1060159-576x1024.jpg 576w\" sizes=\"(max-width: 169px) 100vw, 169px\" \/><\/a><\/p>\n<h5 style=\"text-align: right;\"><\/h5>\n<h5><\/h5>\n<h5 style=\"text-align: center;\"><\/h5>\n<h5 style=\"text-align: center;\"><\/h5>\n<h5><\/h5>\n<p>&nbsp;<\/p>\n<p>&nbsp;<\/p>\n<p>&nbsp;<\/p>\n<p>&nbsp;<\/p>\n<p>&nbsp;<\/p>\n<p>&nbsp;<\/p>\n<h4 style=\"text-align: center;\"><\/h4>\n<h4 style=\"text-align: center;\"><\/h4>\n<h4 style=\"text-align: center;\"><\/h4>\n<p style=\"text-align: center;\">\n","protected":false},"excerpt":{"rendered":"<p>Choisir une cabane dans le bois des &#8220;Sensitives&#8221;, c&#8217;est choisir la nouveaut\u00e9, la diff\u00e9rence, la simplicit\u00e9. C&#8217;est accepter de vivre un temps de vacances en ayant moins et en partageant plus. Ces 3 cabanes confortables toutes en bois dont 1 perch\u00e9e, accueillent chacune 2 personnes et l&#8217;une d&#8217;elle un couple et 2 enfants (lits superpos\u00e9s). [&hellip;]<\/p>\n","protected":false},"author":3,"featured_media":0,"parent":0,"menu_order":1,"comment_status":"closed","ping_status":"closed","template":"","meta":[],"_links":{"self":[{"href":"https:\/\/www.sensitives.fr\/index.php?rest_route=\/wp\/v2\/pages\/1501"}],"collection":[{"href":"https:\/\/www.sensitives.fr\/index.php?rest_route=\/wp\/v2\/pages"}],"about":[{"href":"https:\/\/www.sensitives.fr\/index.php?rest_route=\/wp\/v2\/types\/page"}],"author":[{"embeddable":true,"href":"https:\/\/www.sensitives.fr\/index.php?rest_route=\/wp\/v2\/users\/3"}],"replies":[{"embeddable":true,"href":"https:\/\/www.sensitives.fr\/index.php?rest_route=%2Fwp%2Fv2%2Fcomments&post=1501"}],"version-history":[{"count":14,"href":"https:\/\/www.sensitives.fr\/index.php?rest_route=\/wp\/v2\/pages\/1501\/revisions"}],"predecessor-version":[{"id":2084,"href":"https:\/\/www.sensitives.fr\/index.php?rest_route=\/wp\/v2\/pages\/1501\/revisions\/2084"}],"wp:attachment":[{"href":"https:\/\/www.sensitives.fr\/index.php?rest_route=%2Fwp%2Fv2%2Fmedia&parent=1501"}],"curies":[{"name":"wp","href":"https:\/\/api.w.org\/{rel}","templated":true}]}}